or of n and 705?
15
Let t(d) = 38*d - 260. Let i be t(7). Let b be 360/1 - i*(-6)/9. Calculate the greatest common divisor of b and 28.
28
Let w(j) = j**3 + 13*j**2 - 119*j + 43. Let g be w(-17). Calculate the greatest common divisor of 105 and g.
35
Let g(s) = -4*s - 12. Suppose 5*y - 111 = -36. Let z = y + -19. Let d be g(z). Calculate the greatest common factor of 28 and d.
4
Suppose 21*l - 20*l - 5190 = -4*s, -5*s + 15612 = 3*l. What is the greatest common divisor of l and 22?
22
Suppose -4*j = -5*d - 94, 0*j + 2*j + d = 40. Let t be 2 - (-16)/24*j/2. Let s be 60/t*12/5. What is the highest common factor of s and 48?
16
Suppose 0 = 3*h + 2 - 26. Suppose -2*v = -h + 2. Suppose -v*s + 87 = -0*s. Calculate the greatest common factor of s and 261.
29
Suppose -62*i - m = -58*i - 1122, -3*i = -5*m - 876. Calculate the highest common divisor of i and 1457.
47
Suppose 65*a - 66302 - 814459 = 596429. Calculate the greatest common factor of 22 and a.
22
Let c = 896 - 866. Let q(w) = 25*w - 35. Let n be q(11). Calculate the greatest common divisor of n and c.
30
Let p(t) = -t**2 + 8*t + 3. Let z be p(9). Let f be 4/z*9/(-2). Suppose -8 = -i - 2. What is the highest common divisor of i and f?
3
Let u(f) = 0*f**2 + 2*f**2 + f**3 - 4*f**3 - 7*f**2 - 3 - 6*f + 0*f**3. Let x be u(-3). What is the highest common factor of 663 and x?
51
Let k(c) = c**2 - 60. Let d be k(-8). Suppose l + 2*l - 31 = -d*t, -5*t - l + 36 = 0. Calculate the greatest common divisor of t and 112.
7
Suppose 0 = 4*n - 18 - 26. Suppose 0 = -3*x + 2*q + 12, -2*x + 3*q = -q. Suppose 0 = x*l + 11*l - 1309. Calculate the highest common factor of l and n.
11
Let d(y) = -y**2 - 11*y + 19. Let w be d(-10). Let s = w - 17. Suppose 4*u = 2*u + s. Calculate the greatest common divisor of 9 and u.
3
Suppose -20*u - 26*u + 35 + 1897 = 0. Calculate the greatest common divisor of 952 and u.
14
Suppose -947 = 29*a - 2629. What is the greatest common divisor of 11 and a?
1
Let g be (2 + -1)/((-2)/(-14)). Let u be (g - 6) + -1 + -1 + 14. Suppose l + 897 = 4*l. What is the highest common divisor of u and l?
13
Suppose 72*s - 10227 - 2479 = 26174. Calculate the highest common factor of 288 and s.
36
Let p(v) = -v**2 + 11*v - 3. Let k be p(7). Suppose 4*w = 5*w - 24. Let o(s) = 4*s - 81. Let g be o(w). What is the greatest common factor of g and k?
5
Let b = 89 - -4. Let r = 213 + -134. Let s = 110 - r. What is the highest common factor of b and s?
31
Suppose 194*f + 228*f = 12338 - 3476. Suppose 28 = -s + 5*s. What is the greatest common factor of f and s?
7
Let u = 26 - 23. Suppose -u*m - 45 = -219. Suppose p - m + 45 = 0. Calculate the highest common divisor of 65 and p.
13
Let d be 8/(-2)*(-1656)/48. What is the greatest common divisor of 48 and d?
6
Let i be 217/4 + 2/(-8). Let a = -159 - -158. Let d be 238/34 - 29*a. What is the greatest common divisor of i and d?
18
Let h be 3/(-54)*3 + (-38)/(-12). Calculate the highest common factor of h and 2301.
3
Suppose 2*j = j - 12. Let h(n) = 15*n**2 + 179*n + 13. Let z be h(j). What is the highest common divisor of z and 325?
25
Let v(i) = -i**3 - 42*i**2 + 111*i - 297. Let a be v(-45). Let z(n) = 2*n**2 - 5*n + 4. Let d be z(5). Calculate the greatest common divisor of d and a.
29
Let t = -4485 - -4489. Calculate the greatest common divisor of t and 9.
1
Suppose -64*r = -61*r - 12. Suppose -r = -4*j + 2*b - 0, -5*j = -3*b - 5. Let f be j*24 - (-4 - -1). What is the highest common factor of f and 9?
9
Let x(f) = -f**3 + 46*f**2 - 35*f + 4. Let t be x(45). Let s = t - 383. What is the highest common divisor of s and 568?
71
Let y(h) = -16*h + 126. Let b be y(15). Let p be -3 - (b + 10 + -3). What is the greatest common divisor of p and 16?
8
Let c(o) = -41 + 0 + o - 12*o**3 + 13*o**3 + 9*o - 16*o**2. Let u be c(17). Calculate the highest common factor of u and 38.
38
Let v(d) = 89*d - 3. Let g be v(2). Let r be (-5 - 275/(-5))*42/28. Calculate the greatest common factor of g and r.
25
Let v be (-1 - 1) + (1 - -2). Let s be 56*v/1 - 4/(-1). Calculate the highest common divisor of s and 30.
30
Let t(z) = -2*z. Let l(s) = -3*s - 93. Let x(p) = -l(p) - 4*t(p). Let v be x(-6). Suppose 4*g + 245 - 1109 = 0. Calculate the greatest common factor of g and v.
27
Let d(b) = 2*b**2 - 14*b - 4. Let o be d(-3). Let k = -51 + o. Suppose -6*p + 12 = -k*p. Calculate the highest common divisor of p and 20.
4
Suppose 117 = -4*s - 4*a + 393, 0 = 3*s + 5*a - 219. Calculate the greatest common divisor of s and 1176.
21
Suppose 2880 = -9*j + 17*j. Suppose 14*q + j = 32*q. Calculate the highest common divisor of 900 and q.
20
Suppose 2*v + b + 8654 = 7*v, 0 = -v - 3*b + 1718. Calculate the greatest common factor of v and 10.
10
Let d = 26 + -22. Suppose 0 = d*m + p - 11, 0*m - m = 3*p. Suppose m*n = -5*b + 52, -b + 2*n = -0*n. What is the highest common divisor of 12 and b?
4
Let y(n) = 285*n + 2373. Let k be y(-7). What is the greatest common factor of 675 and k?
27
Let h be (1564/119)/((-4)/(-14)). Let d = 73 - h. Calculate the greatest common divisor of 27 and d.
27
Suppose -7*w = -1755 + 355. Let g(z) = 30*z. Let j be g(5). Calculate the greatest common factor of j and w.
50
Suppose 218*k - 4*k - 231768 = -8*k. What is the highest common divisor of 29 and k?
29
Suppose -4*y - 26 = -2*q, 0 = -0*q + 4*q + 5*y. Suppose -4*i - a + 667 = -0*i, q*i + a - 835 = 0. What is the greatest common factor of 48 and i?
24
Suppose 5*l = 3*f + 7320, -3*l + 2*l - f + 1472 = 0. What is the highest common divisor of l and 326?
163
Suppose -3*g + 2*f + 568 = 0, -14*g + f + 563 = -11*g. Let k = -166 + g. Calculate the greatest common divisor of 50 and k.
10
Suppose 5*h + 1327 = 2*o, -898 + 202 = -o - 4*h. Calculate the greatest common divisor of o and 12.
4
Let w be 49/7 - (-156)/2. Let p be 153/w*(-420)/(-9). What is the greatest common factor of p and 48?
12
Suppose 257*v - 263*v = -252. Suppose 15*r = -12 + v. Calculate the greatest common divisor of 14 and r.
2
Let o = 654 - 645. Suppose o*a - 674 = -269. Calculate the greatest common factor of a and 63.
9
Let o = -12797 + 15092. What is the greatest common divisor of o and 2550?
255
Let k be 14 + (-5)/(45/(-21447)). What is the greatest common divisor of k and 51?
51
Suppose 258*n - 230*n = 728. Suppose -2*y - 2460 = -5*w, 0 = w + 2*y - 635 + 131. Calculate the highest common factor of n and w.
26
Let u(z) = 3*z + 186. Let b be u(-21). Let v = b - 113. What is the greatest common factor of v and 16?
2
Suppose 25*z - 30*z + 16250 = 0. Calculate the highest common factor of z and 520.
130
Let y(n) = n + 22. Let g be y(-11). Let j be (-12 + 14)/((-2)/(-9)). Suppose -5*z = j*z - 1386. Calculate the greatest common factor of g and z.
11
Suppose 56 = 4*w - 84. Suppose -5*b = g - 4, 5*b + 5 + 33 = 2*g. Let s be (14/4)/(g/28). Calculate the highest common factor of s and w.
7
Let v(z) = -10*z - 18. Let r be v(-4). Let w = 68 - 68. Let p = w + 22. Calculate the greatest common divisor of r and p.
22
Let a(p) = 122*p**2 - 12*p + 25. Let d be a(2). Let n be (-10)/(-375)*5 - d/(-45). Let u be 55/4*8/2. Calculate the greatest common factor of n and u.
11
Suppose 2*u = u + 40. Suppose -2*h + 14 = u. Let g be 2/h + 3360/208. What is the greatest common factor of 16 and g?
16
Suppose -3*p + 75 = -3*y, -2*p + 7*p - 131 = 2*y. What is the greatest common divisor of 4131 and p?
27
Suppose 4*q = 3*u - 35, q = -2*u - 3*q + 30. Let f = u - -17. What is the greatest common factor of 24 and f?
6
Let o be ((-3)/(-2))/(6/276). Let q = 74 - o. What is the highest common factor of 35 and q?
5
Suppose 5*g + 35 = 575. Suppose 0 = 4*r - 0 + 4, -2*i + g = -4*r. What is the highest common divisor of 39 and i?
13
Suppose 0 = 2*w + 2, 372 = g + 2121*w - 2125*w. Calculate the greatest common factor of 2300 and g.
92
Let u = 205529 - 205527. Let s be 1/((-1)/(-22)*1). Calculate the highest common factor of s and u.
2
Let q = -24 + 30. Let a(t) = -9*t - 6 - q*t**2 + 2*t**3 + 5*t - t**3 - 2*t. Let h be a(7). Calculate the highest common divisor of h and 9.
1
Let n = 32166 - 30843. What is the highest common divisor of n and 483?
21
Let c = 10 - 0. Let h(r) = -r**3 + 10*r**2 - r + 15. Let u be h(c). Suppose -u*i = -117 + 42. Calculate the greatest common divisor of i and 30.
1